ors of 32265?
3, 5, 239
What are the prime factors of 83285?
5, 16657
List the prime factors of 7939.
17, 467
What are the prime factors of 12197?
12197
List the prime factors of 1592.
2, 199
List the prime factors of 6.
2, 3
List the prime factors of 668.
2, 167
List the prime factors of 38607.
3, 17, 757
What are the prime factors of 4528?
2, 283
List the prime factors of 6373.
6373
List the prime factors of 1053.
3, 13
List the prime factors of 550.
2, 5, 11
List the prime factors of 760.
2, 5, 19
List the prime factors of 3665.
5, 733
What are the prime factors of 16533?
3, 11, 167
List the prime factors of 4834.
2, 2417
List the prime factors of 22999.
109, 211
List the prime factors of 5595.
3, 5, 373
List the prime factors of 13743.
3, 509
List the prime factors of 3122.
2, 7, 223
List the prime factors of 46829.
46829
List the prime factors of 13449.
3, 4483
What are the prime factors of 3292?
2, 823
What are the prime factors of 34946?
2, 101, 173
List the prime factors of 1416.
2, 3, 59
List the prime factors of 1912.
2, 239
List the prime factors of 12379.
12379
List the prime factors of 6737.
6737
List the prime factors of 5296.
2, 331
What are the prime factors of 11873?
31, 383
List the prime factors of 179821.
179821
What are the prime factors of 1389?
3, 463
List the prime factors of 7979.
79, 101
What are the prime factors of 381?
3, 127
List the prime factors of 1732.
2, 433
List the prime factors of 22199.
79, 281
What are the prime factors of 9974?
2, 4987
What are the prime factors of 2854?
2, 1427
List the prime factors of 11929.
79, 151
What are the prime factors of 1617?
3, 7, 11
List the prime factors of 16.
2
List the prime factors of 49511.
7, 11, 643
What are the prime factors of 9799?
41, 239
List the prime factors of 14950.
2, 5, 13, 23
List the prime factors of 15584.
2, 487
What are the prime factors of 1449?
3, 7, 23
List the prime factors of 5999.
7, 857
What are the prime factors of 14679?
3, 7, 233
What are the prime factors of 534?
2, 3, 89
What are the prime factors of 13221?
3, 13, 113
What are the prime factors of 43890?
2, 3, 5, 7, 11, 19
List the prime factors of 1527.
3, 509
What are the prime factors of 2934?
2, 3, 163
List the prime factors of 21307.
11, 13, 149
List the prime factors of 1400.
2, 5, 7
List the prime factors of 19108.
2, 17, 281
List the prime factors of 3707.
11, 337
What are the prime factors of 53247?
3, 17749
List the prime factors of 35363.
35363
What are the prime factors of 27059?
27059
List the prime factors of 97753.
67, 1459
What are the prime factors of 144?
2, 3
What are the prime factors of 1284?
2, 3, 107
List the prime factors of 1026.
2, 3, 19
What are the prime factors of 3347?
3347
What are the prime factors of 1898?
2, 13, 73
List the prime factors of 96308.
2, 24077
What are the prime factors of 65991?
3, 21997
What are the prime factors of 8830?
2, 5, 883
What are the prime factors of 82749?
3, 27583
What are the prime factors of 33761?
7, 13, 53
List the prime factors of 21751.
21751
List the prime factors of 17875.
5, 11, 13
What are the prime factors of 4488?
2, 3, 11, 17
List the prime factors of 31331.
17, 19, 97
What are the prime factors of 106661?
106661
List the prime factors of 110638.
2, 11, 47, 107
List the prime factors of 2876.
2, 719
What are the prime factors of 2638?
2, 1319
List the prime factors of 3339.
3, 7, 53
What are the prime factors of 14420?
2, 5, 7, 103
List the prime factors of 1474.
2, 11, 67
What are the prime factors of 21944?
2, 13, 211
List the prime factors of 30529.
30529
List the prime factors of 21968.
2, 1373
List the prime factors of 55981.
17, 37, 89
List the prime factors of 13666.
2, 6833
What are the prime factors of 6407?
43, 149
What are the prime factors of 18855?
3, 5, 419
List the prime factors of 2362.
2, 1181
What are the prime factors of 78807?
3, 109, 241
List the prime factors of 601.
601
What are the prime factors of 965?
5, 193
What are the prime factors of 3536?
2, 13, 17
List the prime factors of 2209.
47
What are the prime factors of 2808?
2, 3, 13
What are the prime factors of 9235?
5, 1847
What are the prime factors of 5644?
2, 17, 83
What are the prime factors of 46915?
5, 11, 853
What are the prime factors of 3097?
19, 163
What are the prime factors of 209372?
2, 17, 3079
What are the prime factors of 3987?
3, 443
What are the prime factors of 2691?
3, 13, 23
What are the prime factors of 8579?
23, 373
List the prime factors of 3003.
3, 7, 11, 13
What are the prime factors of 49106?
2, 43, 571
What are the prime factors of 76665?
3, 5, 19, 269
What are the prime factors of 15699?
3, 5233
List the prime factors of 8385.
3, 5, 13, 43
List the prime factors of 75257.
7, 13, 827
What are the prime factors of 798?
2, 3, 7, 19
List the prime factors of 4189.
59, 71
What are the prime factors of 35506?
2, 41, 433
What are the prime factors of 1935?
3, 5, 43
What are the prime factors of 57468?
2, 3, 4789
What are the prime factors of 53441?
53441
List the prime factors of 9732.
2, 3, 811
What are the prime factors of 3159?
3, 13
List the prime factors of 1218.
2, 3, 7, 29
What are the prime factors of 49396?
2, 53, 233
List the prime factors of 53734.
2, 67, 401
What are the prime factors of 11943?
3, 1327
List the prime factors of 13816.
2, 11, 157
List the prime factors of 27221.
163, 167
What are the prime factors of 353?
353
What are the prime factors of 737?
11, 67
List the prime factors of 684.
2, 3, 19
List the prime factors of 54485.
5, 17, 641
List the prime factors of 12265.
5, 11, 223
What are the prime factors of 46940?
2, 5, 2347
List the prime factors of 10903.
10903
What are the prime factors of 1148?
2, 7, 41
What are the prime factors of 822?
2, 3, 137
List the prime factors of 15314.
2, 13, 19, 31
What are the prime factors of 4015?
5, 11, 73
What are the prime factors of 1458?
2, 3
What are the prime factors of 118417?
13, 9109
What are the prime factors of 9?
3
What are the prime factors of 6154?
2, 17, 181
List the prime factors of 15393.
3, 7, 733
List the prime factors of 8299.
43, 193
What are the prime factors of 20713?
7, 11, 269
What are the prime factors of 25?
5
List the prime factors of 939.
3, 313
What are the prime factors of 11429?
11, 1039
List the prime factors of 4718.
2, 7, 337
List the prime factors of 1253.
7, 179
What are the prime factors of 482?
2, 241
List the prime factors of 557.
557
List the prime factors of 9300.
2, 3, 5, 31
What are the prime factors of 71395?
5, 109, 131
What are the prime factors of 50460?
2, 3, 5, 29
What are the prime factors of 91324?
2, 17, 79
List the prime factors of 2263.
31, 73
List the prime factors of 28560.
2, 3, 5, 7, 17
What are the prime factors of 238?
2, 7, 17
What are the prime factors of 106181?
106181
What are the prime factors of 61669?
83, 743
What are the prime factors of 132106?
2, 13, 5081
List the prime factors of 2319.
3, 773
What are the prime factors of 195881?
7, 27983
What are the prime factors of 1854?
2, 3, 103
What are the prime factors of 111664?
2, 7, 997
List the prime factors of 6945.
3, 5, 463
List the prime factors of 1487.
1487
List the prime factors of 5835.
3, 5, 389
What are the prime factors of 20118?
2, 3, 7, 479
List the prime factors of 2725.
5, 109
What are the prime factors of 37692?
2, 3, 349
What are the prime factors of 8810?
2, 5, 881
List the prime factors of 1999.
1999
What are the prime factors of 3378?
2, 3, 563
List the prime factors of 345.
3, 5, 23
What are the prime factors of 3549?
3, 7, 13
List the prime factors of 72848.
2, 29, 157
List the prime factors of 2819.
2819
List the prime factors of 21622.
2, 19, 569
List the prime factors of 824.
2, 103
List the prime factors of 1469.
13, 113
What are the prime factors of 471?
3, 157
List the prime factors of 10202.
2, 5101
What are the prime factors of 13970?
2, 5, 11, 127
List the prime factors of 2099.
2099
What are the prime factors of 11064?
2, 3, 461
What are the prime factors of 46054?
2, 23027
What are the prime factors of 65902?
2, 83, 397
List the prime factors of 7878.
2, 3, 13, 101
What are the prime factors of 1012?
2, 11, 23
What are the prime factors of 10?
2, 5
What are the prime factors of 15153?
3, 5051
What are